{"id":115,"date":"2020-05-02T09:22:28","date_gmt":"2020-05-02T09:22:28","guid":{"rendered":"http:\/\/bruchsal-bergfried.de\/?page_id=115"},"modified":"2020-05-03T09:11:56","modified_gmt":"2020-05-03T09:11:56","slug":"archiv","status":"publish","type":"page","link":"https:\/\/demokratiegeschichte-bruchsal.de\/?page_id=115","title":{"rendered":"Archiv"},"content":{"rendered":"\n<p>Auf dieser Seite wollen wir Dokumente ver\u00f6ffentlichen, die mit dem Anliegen unserer Arbeitsgemeinschaft zu tun haben. Wenn Sie ein entsprechendes Dokument hier einbringen wollen, schicken Sie es an: <a href=\"mailto:\/\/lernort-freiheit@bruchsal-bergfried.de\">lernort-freiheit@bruchsal-bergfried.de<\/a><\/p>\n\n\n\n<p>Als erstes Dokument haben wir Ausz\u00fcge aus einem Brief des Journalisten Rainer Kaufmann (Buch und Film &#8222;Seilersbahn&#8220;) an den Bruchsaler Oberb\u00fcrgermeister Bernd Doll vom 1.04.1990 ausgew\u00e4hlt. In diesem Brief wird deutlich, dass unser Anliegen, aus dem Bergfried und der Stadtmitte von Bruchsal einen &#8222;Lernort Freiheit&#8220; zu machen, vor 30 Jahren schon einmal auf der Tagesordnung gestanden hat. Leider wurde nichts daraus, die damalige Historische Kommission der Stadt Bruchsal hat diese Initiative boykottiert. Vielleicht kann jetzt mit dieser Arbeitsgemeinschaft gelingen, was damals verhindert wurde.<\/p>\n\n\n\n<p><\/p>\n","protected":false},"excerpt":{"rendered":"<p>Auf dieser Seite wollen wir Dokumente ver\u00f6ffentlichen, die mit dem Anliegen unserer Arbeitsgemeinschaft zu tun haben. Wenn Sie ein entsprechendes Dokument hier einbringen wollen, schicken Sie es an: lernort-freiheit@bruchsal-bergfried.de Als erstes Dokument haben wir Ausz\u00fcge aus einem Brief des Journalisten Rainer Kaufmann (Buch und Film &#8222;Seilersbahn&#8220;) an den Bruchsaler Oberb\u00fcrgermeister Bernd Doll vom 1.04.1990 ausgew\u00e4hlt. &hellip;<\/p>\n<p class=\"read-more\"> <a class=\"\" href=\"https:\/\/demokratiegeschichte-bruchsal.de\/?page_id=115\"> <span class=\"screen-reader-text\">Archiv<\/span> Weiterlesen &raquo;<\/a><\/p>\n","protected":false},"author":2,"featured_media":0,"parent":0,"menu_order":0,"comment_status":"open","ping_status":"closed","template":"","meta":[],"_links":{"self":[{"href":"https:\/\/demokratiegeschichte-bruchsal.de\/index.php?rest_route=\/wp\/v2\/pages\/115"}],"collection":[{"href":"https:\/\/demokratiegeschichte-bruchsal.de\/index.php?rest_route=\/wp\/v2\/pages"}],"about":[{"href":"https:\/\/demokratiegeschichte-bruchsal.de\/index.php?rest_route=\/wp\/v2\/types\/page"}],"author":[{"embeddable":true,"href":"https:\/\/demokratiegeschichte-bruchsal.de\/index.php?rest_route=\/wp\/v2\/users\/2"}],"replies":[{"embeddable":true,"href":"https:\/\/demokratiegeschichte-bruchsal.de\/index.php?rest_route=%2Fwp%2Fv2%2Fcomments&post=115"}],"version-history":[{"count":3,"href":"https:\/\/demokratiegeschichte-bruchsal.de\/index.php?rest_route=\/wp\/v2\/pages\/115\/revisions"}],"predecessor-version":[{"id":147,"href":"https:\/\/demokratiegeschichte-bruchsal.de\/index.php?rest_route=\/wp\/v2\/pages\/115\/revisions\/147"}],"wp:attachment":[{"href":"https:\/\/demokratiegeschichte-bruchsal.de\/index.php?rest_route=%2Fwp%2Fv2%2Fmedia&parent=115"}],"curies":[{"name":"wp","href":"https:\/\/api.w.org\/{rel}","templated":true}]}}