{"id":123,"date":"2020-05-02T10:39:46","date_gmt":"2020-05-02T10:39:46","guid":{"rendered":"http:\/\/bruchsal-bergfried.de\/?page_id=123"},"modified":"2022-03-29T10:14:23","modified_gmt":"2022-03-29T08:14:23","slug":"gedenktermine-mai","status":"publish","type":"page","link":"https:\/\/demokratiegeschichte-bruchsal.de\/?page_id=123","title":{"rendered":"Gedenktermine Mai"},"content":{"rendered":"\n<p>8. Mai 1945: Kriegsende, Kapitulation von Hitlerdeutschland, Tag der Befreiung von der Nazi-Terror-Herrschaft<br>12.\/13. Mai 1849: Kongress der Volksvereine in Offenburg<br>13.\/14. Mai 1849:  Bruchsaer B\u00fcrger st\u00fcrmen die Gef\u00e4ngnisse und befreien  die inhaftierten  Revolution\u00e4re, unter ihnen Struve und Blindt<br>14. Mai 1849: Flucht des Gro\u00dfherzogs aus Baden, Einzug der neuen   Regierung in Karlsruhe, des so genannten  Landesausschusses unter der   F\u00fchrung des Bruchsaler B\u00fcrgers Lorzenz Brentano<br>14. Mai 1849: Carl D\u00e4nzer wird von der provisorischen Regierung als Zivilkommiss\u00e4r f\u00fcr Bruchsal eingesetzt<br>15. Mai 1848: Wahl zur Nationalversammlung der Paulskirche <br>23. Mai 1949: Verabschiedung des Grundgesetzes der Bundesrepublik Deutschland<br>25. Mai 1525: Hinrichtung von Anton Eisenhut und anderen F\u00fchrer der Bauernaufst\u00e4nde am Bruchsaler Bergfried<\/p>\n\n\n\n<p><strong>Wichtige Geburtstage:<\/strong><br>21. Mai 1922: Bertl Lefkowitz, Tochter des Bruchsaler Synagogendieners, sie lebt heute noch in M\u00fcnchen und ist damit eine der \u00e4ltesten noch lebenden Mitglieder der fr\u00fcheren j\u00fcdischen Gemeinde von Bruchsal. <a href=\"https:\/\/www.facebook.com\/groups\/431576880669853\/?ref=bookmarks\">Hier<\/a> k\u00f6nnen Sie mehr \u00fcber Bertl Lefkowitz erfahren oder sich an einer gro\u00dfen Gratulationsaktion der Bruchsaler Bev\u00f6lkerung beteiligen.<\/p>\n\n\n\n<p> <\/p>\n\n\n\n<p> <\/p>\n\n\n\n<p>  <\/p>\n\n\n\n<p> <\/p>\n\n\n\n<p> <\/p>\n\n\n\n<p>\n Wer etwas wei\u00df zu diesen historischen Terminen und Personen oder \nentsprechende Dokumente hat, darf sie gerne mit dieser Gruppe teilen.<\/p>\n","protected":false},"excerpt":{"rendered":"<p>8. Mai 1945: Kriegsende, Kapitulation von Hitlerdeutschland, Tag der Befreiung von der Nazi-Terror-Herrschaft12.\/13. Mai 1849: Kongress der Volksvereine in Offenburg13.\/14. Mai 1849: Bruchsaer B\u00fcrger st\u00fcrmen die Gef\u00e4ngnisse und befreien die inhaftierten Revolution\u00e4re, unter ihnen Struve und Blindt14. Mai 1849: Flucht des Gro\u00dfherzogs aus Baden, Einzug der neuen Regierung in Karlsruhe, des so genannten Landesausschusses unter &hellip;<\/p>\n<p class=\"read-more\"> <a class=\"\" href=\"https:\/\/demokratiegeschichte-bruchsal.de\/?page_id=123\"> <span class=\"screen-reader-text\">Gedenktermine Mai<\/span> Weiterlesen &raquo;<\/a><\/p>\n","protected":false},"author":2,"featured_media":0,"parent":0,"menu_order":0,"comment_status":"closed","ping_status":"closed","template":"","meta":[],"_links":{"self":[{"href":"https:\/\/demokratiegeschichte-bruchsal.de\/index.php?rest_route=\/wp\/v2\/pages\/123"}],"collection":[{"href":"https:\/\/demokratiegeschichte-bruchsal.de\/index.php?rest_route=\/wp\/v2\/pages"}],"about":[{"href":"https:\/\/demokratiegeschichte-bruchsal.de\/index.php?rest_route=\/wp\/v2\/types\/page"}],"author":[{"embeddable":true,"href":"https:\/\/demokratiegeschichte-bruchsal.de\/index.php?rest_route=\/wp\/v2\/users\/2"}],"replies":[{"embeddable":true,"href":"https:\/\/demokratiegeschichte-bruchsal.de\/index.php?rest_route=%2Fwp%2Fv2%2Fcomments&post=123"}],"version-history":[{"count":2,"href":"https:\/\/demokratiegeschichte-bruchsal.de\/index.php?rest_route=\/wp\/v2\/pages\/123\/revisions"}],"predecessor-version":[{"id":157,"href":"https:\/\/demokratiegeschichte-bruchsal.de\/index.php?rest_route=\/wp\/v2\/pages\/123\/revisions\/157"}],"wp:attachment":[{"href":"https:\/\/demokratiegeschichte-bruchsal.de\/index.php?rest_route=%2Fwp%2Fv2%2Fmedia&parent=123"}],"curies":[{"name":"wp","href":"https:\/\/api.w.org\/{rel}","templated":true}]}}

<p>8. Mai 1945: Kriegsende, Kapitulation von Hitlerdeutschland, Tag der Befreiung von der Nazi-Terror-Herrschaft<br>12./13. Mai 1849: Kongress der Volksvereine in Offenburg<br>13./14. Mai 1849:  Bruchsaer Bürger stürmen die Gefängnisse und befreien  die inhaftierten  Revolutionäre, unter ihnen Struve und Blindt<br>14. Mai 1849: Flucht des Großherzogs aus Baden, Einzug der neuen   Regierung in Karlsruhe, des so genannten  Landesausschusses unter der   Führung des Bruchsaler Bürgers Lorzenz Brentano<br>14. Mai 1849: Carl Dänzer wird von der provisorischen Regierung als Zivilkommissär für Bruchsal eingesetzt<br>15. Mai 1848: Wahl zur Nationalversammlung der Paulskirche <br>23. Mai 1949: Verabschiedung des Grundgesetzes der Bundesrepublik Deutschland<br>25. Mai 1525: Hinrichtung von Anton Eisenhut und anderen Führer der Bauernaufstände am Bruchsaler Bergfried</p>



<p><strong>Wichtige Geburtstage:</strong><br>21. Mai 1922: Bertl Lefkowitz, Tochter des Bruchsaler Synagogendieners, sie lebt heute noch in München und ist damit eine der ältesten noch lebenden Mitglieder der früheren jüdischen Gemeinde von Bruchsal. <a href="https://www.facebook.com/groups/431576880669853/?ref=bookmarks">Hier</a> können Sie mehr über Bertl Lefkowitz erfahren oder sich an einer großen Gratulationsaktion der Bruchsaler Bevölkerung beteiligen.</p>



<p> </p>



<p> </p>



<p>  </p>



<p> </p>



<p> </p>



<p>
 Wer etwas weiß zu diesen historischen Terminen und Personen oder 
entsprechende Dokumente hat, darf sie gerne mit dieser Gruppe teilen.</p>

<p>8. Mai 1945: Kriegsende, Kapitulation von Hitlerdeutschland, Tag der Befreiung von der Nazi-Terror-Herrschaft12./13. Mai 1849: Kongress der Volksvereine in Offenburg13./14. Mai 1849: Bruchsaer Bürger stürmen die Gefängnisse und befreien die inhaftierten Revolutionäre, unter ihnen Struve und Blindt14. Mai 1849: Flucht des Großherzogs aus Baden, Einzug der neuen Regierung in Karlsruhe, des so genannten Landesausschusses unter &hellip;</p>
<p class="read-more"> <a class="" href="https://demokratiegeschichte-bruchsal.de/?page_id=123"> <span class="screen-reader-text">Gedenktermine Mai</span> Weiterlesen &raquo;</a></p>
