{"id":167,"date":"2020-05-12T10:51:16","date_gmt":"2020-05-12T08:51:16","guid":{"rendered":"http:\/\/bruchsal-bergfried.de\/?page_id=167"},"modified":"2020-05-12T10:51:17","modified_gmt":"2020-05-12T08:51:17","slug":"landes-musik-festival-2023-und-lieder-der-freiheit","status":"publish","type":"page","link":"https:\/\/demokratiegeschichte-bruchsal.de\/?page_id=167","title":{"rendered":"Landes-Musik-Festival 2023 und Lieder der Freiheit"},"content":{"rendered":"\n<p><\/p>\n\n\n\n<div class=\"wp-block-image\"><figure class=\"alignleft\"><img loading=\"lazy\" width=\"363\" height=\"879\" src=\"http:\/\/bruchsal-bergfried.de\/wp-content\/uploads\/2020\/05\/Landesmusikfestival_BNN0000001327648.jpg\" alt=\"\" class=\"wp-image-166\" srcset=\"https:\/\/demokratiegeschichte-bruchsal.de\/wp-content\/uploads\/2020\/05\/Landesmusikfestival_BNN0000001327648.jpg 363w, https:\/\/demokratiegeschichte-bruchsal.de\/wp-content\/uploads\/2020\/05\/Landesmusikfestival_BNN0000001327648-62x150.jpg 62w, https:\/\/demokratiegeschichte-bruchsal.de\/wp-content\/uploads\/2020\/05\/Landesmusikfestival_BNN0000001327648-124x300.jpg 124w\" sizes=\"(max-width: 363px) 100vw, 363px\" \/><figcaption>200512_160_V1_021<\/figcaption><\/figure><\/div>\n\n\n\n<p>Das trifft sich ja wunderbar: Wie die Bruchsaler Rundschau heute berichtet, findet im Jahr 2023 das &#8222;Landes-Musik-Festival&#8220; in Bruchsal statt. Und dies im 175-Jubil\u00e4umsjahr der Badischen  und Deutschen Revolution. Wenn das keine Gelegenheit ist f\u00fcr die Stadt, sich insbesondere mit dem Thema Freiheit und Demokratie ganz besonders zu Wort und zu Geh\u00f6r zu melden.<\/p>\n\n\n\n<p>Wir jedenfalls melden hiermit jetzt schon eine Reihe von Open-Air-Konzerten im Amphi-Theater des B\u00fcrgerzentrums an unter dem  Titel: <strong>&#8222;Lieder der Freiheit&#8220;<\/strong> und laden alle Bruchsaler Ch\u00f6re, Gesangsgruppen, Amateurtheater und andere ein, sich daran zu beteiligen. Wer macht mit? Bitte melden an <a href=\"http:\/\/bruchsal-bergfried.de\/wp-admin\/liederderfreiheit@bruchsal-bergfried.de\">liederderfreiheit@bruchsal-bergfried.de<\/a><\/p>\n","protected":false},"excerpt":{"rendered":"<p>Das trifft sich ja wunderbar: Wie die Bruchsaler Rundschau heute berichtet, findet im Jahr 2023 das &#8222;Landes-Musik-Festival&#8220; in Bruchsal statt. Und dies im 175-Jubil\u00e4umsjahr der Badischen und Deutschen Revolution. Wenn das keine Gelegenheit ist f\u00fcr die Stadt, sich insbesondere mit dem Thema Freiheit und Demokratie ganz besonders zu Wort und zu Geh\u00f6r zu melden. Wir &hellip;<\/p>\n<p class=\"read-more\"> <a class=\"\" href=\"https:\/\/demokratiegeschichte-bruchsal.de\/?page_id=167\"> <span class=\"screen-reader-text\">Landes-Musik-Festival 2023 und Lieder der Freiheit<\/span> Weiterlesen &raquo;<\/a><\/p>\n","protected":false},"author":2,"featured_media":0,"parent":0,"menu_order":0,"comment_status":"closed","ping_status":"closed","template":"","meta":[],"_links":{"self":[{"href":"https:\/\/demokratiegeschichte-bruchsal.de\/index.php?rest_route=\/wp\/v2\/pages\/167"}],"collection":[{"href":"https:\/\/demokratiegeschichte-bruchsal.de\/index.php?rest_route=\/wp\/v2\/pages"}],"about":[{"href":"https:\/\/demokratiegeschichte-bruchsal.de\/index.php?rest_route=\/wp\/v2\/types\/page"}],"author":[{"embeddable":true,"href":"https:\/\/demokratiegeschichte-bruchsal.de\/index.php?rest_route=\/wp\/v2\/users\/2"}],"replies":[{"embeddable":true,"href":"https:\/\/demokratiegeschichte-bruchsal.de\/index.php?rest_route=%2Fwp%2Fv2%2Fcomments&post=167"}],"version-history":[{"count":2,"href":"https:\/\/demokratiegeschichte-bruchsal.de\/index.php?rest_route=\/wp\/v2\/pages\/167\/revisions"}],"predecessor-version":[{"id":169,"href":"https:\/\/demokratiegeschichte-bruchsal.de\/index.php?rest_route=\/wp\/v2\/pages\/167\/revisions\/169"}],"wp:attachment":[{"href":"https:\/\/demokratiegeschichte-bruchsal.de\/index.php?rest_route=%2Fwp%2Fv2%2Fmedia&parent=167"}],"curies":[{"name":"wp","href":"https:\/\/api.w.org\/{rel}","templated":true}]}}

<p></p>



<div class="wp-block-image"><figure class="alignleft"><img loading="lazy" width="363" height="879" src="http://bruchsal-bergfried.de/wp-content/uploads/2020/05/Landesmusikfestival_BNN0000001327648.jpg" alt="" class="wp-image-166" srcset="https://demokratiegeschichte-bruchsal.de/wp-content/uploads/2020/05/Landesmusikfestival_BNN0000001327648.jpg 363w, https://demokratiegeschichte-bruchsal.de/wp-content/uploads/2020/05/Landesmusikfestival_BNN0000001327648-62x150.jpg 62w, https://demokratiegeschichte-bruchsal.de/wp-content/uploads/2020/05/Landesmusikfestival_BNN0000001327648-124x300.jpg 124w" sizes="(max-width: 363px) 100vw, 363px" /><figcaption>200512_160_V1_021</figcaption></figure></div>



<p>Das trifft sich ja wunderbar: Wie die Bruchsaler Rundschau heute berichtet, findet im Jahr 2023 das &#8222;Landes-Musik-Festival&#8220; in Bruchsal statt. Und dies im 175-Jubiläumsjahr der Badischen  und Deutschen Revolution. Wenn das keine Gelegenheit ist für die Stadt, sich insbesondere mit dem Thema Freiheit und Demokratie ganz besonders zu Wort und zu Gehör zu melden.</p>



<p>Wir jedenfalls melden hiermit jetzt schon eine Reihe von Open-Air-Konzerten im Amphi-Theater des Bürgerzentrums an unter dem  Titel: <strong>&#8222;Lieder der Freiheit&#8220;</strong> und laden alle Bruchsaler Chöre, Gesangsgruppen, Amateurtheater und andere ein, sich daran zu beteiligen. Wer macht mit? Bitte melden an <a href="http://bruchsal-bergfried.de/wp-admin/liederderfreiheit@bruchsal-bergfried.de">liederderfreiheit@bruchsal-bergfried.de</a></p>

<p>Das trifft sich ja wunderbar: Wie die Bruchsaler Rundschau heute berichtet, findet im Jahr 2023 das &#8222;Landes-Musik-Festival&#8220; in Bruchsal statt. Und dies im 175-Jubiläumsjahr der Badischen und Deutschen Revolution. Wenn das keine Gelegenheit ist für die Stadt, sich insbesondere mit dem Thema Freiheit und Demokratie ganz besonders zu Wort und zu Gehör zu melden. Wir &hellip;</p>
<p class="read-more"> <a class="" href="https://demokratiegeschichte-bruchsal.de/?page_id=167"> <span class="screen-reader-text">Landes-Musik-Festival 2023 und Lieder der Freiheit</span> Weiterlesen &raquo;</a></p>
