{"id":215,"date":"2020-09-17T17:45:52","date_gmt":"2020-09-17T15:45:52","guid":{"rendered":"http:\/\/bruchsal-bergfried.de\/?page_id=215"},"modified":"2020-09-18T08:27:03","modified_gmt":"2020-09-18T06:27:03","slug":"aktion","status":"publish","type":"page","link":"https:\/\/demokratiegeschichte-bruchsal.de\/?page_id=215","title":{"rendered":"GURS-Schweigemarsch durch Bruchsal am 22. Oktober 2020"},"content":{"rendered":"<p>\n<!--StartFragment--><\/p>\n\n\n<p><strong>Gemeinsame Aktion der F\u00f6rdervereine &#8222;Haus der Geschichte der Juden in Baden&#8220; und &#8222;Lernort Bergfried-Bruchsal&#8220;<\/strong><\/p>\n\n\n\n<p>Am 22.\nOktober 1940 wurden im Rahmen der sog. &#8222;Wagner-B\u00fcrckel-Aktion&#8220; \u00fcber\n6.500 Juden aus Baden und der Saarpfalz in das franz\u00f6sische Internierungslager\nGurs deportiert, darunter 122 j\u00fcdische B\u00fcrgerinnen und B\u00fcrger aus dem Landkreis\nBruchsal, davon 79 Bruchsalerinnen und Bruchsaler. Fast zwei Drittel davon\nwaren \u00e4lter als 50 Jahre, etliche davon im Alter zwischen 70 und 82 Jahren,\ndarunter aber auch sieben Kinder im Alter zwischen acht und 15 Jahren. Durch\ndie schlechte Versorgungssituation, die katastrophalen hygienischen Zust\u00e4nde,\nRegen und K\u00e4lte starben viele Deportierte bald nach ihrer Ankunft in Gurs. Ein\nGro\u00dfteil der Ausgewiesenen wurde sp\u00e4ter nach Auschwitz verschleppt und dort\nermordet.<\/p>\n\n\n\n<p>Die\nMenschen aus den Umlandgemeinden wurden mit Lastkraftwagen nach Bruchsal\ngebracht, die Bruchsalerinnen und Bruchsaler wurden durch die Stadt zum Bahnhof\ngetrieben und in den wartenden Zug verfrachtet.<\/p>\n\n\n\n<p>\u201eBruchsal\njudenfrei! Die letzten Juden verlassen Bruchsal\u201c hei\u00dft es in einem Filmbericht\nzur Deportation nach Gurs.<\/p>\n\n\n\n<p>Anl\u00e4sslich\nder 80. Wiederkehr dieser schm\u00e4hlichen Tat werden die beiden F\u00f6rdervereine <\/p>\n\n\n\n<ul><li><strong>Haus der Geschichte der Juden in Baden<\/strong> sowie <\/li><li><strong>Lernort\nBergfried-Bruchsal \u201eFreiheit &#8211; B\u00fcrgerrechte &#8211; Demokratie\u201c<\/strong><\/li><\/ul>\n\n\n\n<p>zur\nErinnerung an die deportierten, zumeist ermordeten Bruchsalerinnen und\nBruchsaler einen<\/p>\n\n\n\n<p class=\"has-medium-font-size\"><strong>GURS-Schweigemarsch\ndurch Bruchsal<\/strong><\/p>\n\n\n\n<p>veranstalten.<\/p>\n\n\n\n<p>Dieser Schweigemarsch beginnt am Donnerstag,  22. Oktober 2020 am Otto-Oppenheimer-Platz und f\u00fchrt \u00fcber die Fu\u00dfg\u00e4ngerzone und Kaiserstra\u00dfe zum Bahnhofsareal, wo eine kurze Gedenkfeier vorgesehen ist. Die Uhrzeit wird noch bekannt gegeben.<\/p>\n\n\n\n<p>Mitglieder der beiden Vereine werden zum Andenken an die Opfer dieser menschenverachtenden Aktion des NS-Regimes Fotos von Opfern dieser Deportation mitf\u00fchren. Damit soll an die Menschen gedacht werden, deren Kinder und Kindeskinder heute Mitglieder unserer Stadtgesellschaft sein k\u00f6nnten.<\/p>\n\n\n\n<p>Wegen der Corona-Auflagen k\u00f6nnen nur 30 Personen an diesem Marsch teilnehmen. <\/p>\n\n\n\n<p><strong><em>F\u00fcr\ndie F\u00f6rdervereine:<\/em><\/strong><\/p>\n\n\n\n<p>G\u00fcnter Majewski (Haus der Geschichte der Juden in Baden)<br>Rainer Kaufmann (Lernort Bergfried \u201eFreiheit &#8211; B\u00fcrgerrechte \u2013 Demokratie\u201c)<br> <br> Beide\nF\u00f6rdervereine sind Mitglieder der Geschichtswerkstatt Bruchsal.<\/p>\n\n\n\n<p><strong><em>Mehr Informationen zu den\nF\u00f6rdervereinen unter:<br>\n<\/em><\/strong><br>\nhttp:\/\/www.geschichtshaus-badischer-juden.de\/<br>\nhttp:\/\/bruchsal-bergfried.de\/<br>\n<br>\nWeitere Informationen zur Deportation aus Bruchsal und dem Landkreis unter\nwww.bruchsal-gurs.de. Hier ist auch das Filmdokument mit der Deportation\nver\u00f6ffentlicht.<\/p>\n\n\n<p><!--EndFragment--><\/p>","protected":false},"excerpt":{"rendered":"<p>Gemeinsame Aktion der F\u00f6rdervereine &#8222;Haus der Geschichte der Juden in Baden&#8220; und &#8222;Lernort Bergfried-Bruchsal&#8220; Am 22. Oktober 1940 wurden im Rahmen der sog. &#8222;Wagner-B\u00fcrckel-Aktion&#8220; \u00fcber 6.500 Juden aus Baden und der Saarpfalz in das franz\u00f6sische Internierungslager Gurs deportiert, darunter 122 j\u00fcdische B\u00fcrgerinnen und B\u00fcrger aus dem Landkreis Bruchsal, davon 79 Bruchsalerinnen und Bruchsaler. Fast zwei &hellip;<\/p>\n<p class=\"read-more\"> <a class=\"\" href=\"https:\/\/demokratiegeschichte-bruchsal.de\/?page_id=215\"> <span class=\"screen-reader-text\">GURS-Schweigemarsch durch Bruchsal am 22. Oktober 2020<\/span> Weiterlesen &raquo;<\/a><\/p>\n","protected":false},"author":2,"featured_media":0,"parent":0,"menu_order":0,"comment_status":"closed","ping_status":"closed","template":"","meta":[],"_links":{"self":[{"href":"https:\/\/demokratiegeschichte-bruchsal.de\/index.php?rest_route=\/wp\/v2\/pages\/215"}],"collection":[{"href":"https:\/\/demokratiegeschichte-bruchsal.de\/index.php?rest_route=\/wp\/v2\/pages"}],"about":[{"href":"https:\/\/demokratiegeschichte-bruchsal.de\/index.php?rest_route=\/wp\/v2\/types\/page"}],"author":[{"embeddable":true,"href":"https:\/\/demokratiegeschichte-bruchsal.de\/index.php?rest_route=\/wp\/v2\/users\/2"}],"replies":[{"embeddable":true,"href":"https:\/\/demokratiegeschichte-bruchsal.de\/index.php?rest_route=%2Fwp%2Fv2%2Fcomments&post=215"}],"version-history":[{"count":4,"href":"https:\/\/demokratiegeschichte-bruchsal.de\/index.php?rest_route=\/wp\/v2\/pages\/215\/revisions"}],"predecessor-version":[{"id":245,"href":"https:\/\/demokratiegeschichte-bruchsal.de\/index.php?rest_route=\/wp\/v2\/pages\/215\/revisions\/245"}],"wp:attachment":[{"href":"https:\/\/demokratiegeschichte-bruchsal.de\/index.php?rest_route=%2Fwp%2Fv2%2Fmedia&parent=215"}],"curies":[{"name":"wp","href":"https:\/\/api.w.org\/{rel}","templated":true}]}}