{"id":385,"date":"2021-11-01T11:58:04","date_gmt":"2021-11-01T10:58:04","guid":{"rendered":"http:\/\/bruchsal-bergfried.de\/?page_id=385"},"modified":"2022-04-04T13:01:33","modified_gmt":"2022-04-04T11:01:33","slug":"strasse-der-demokratie","status":"publish","type":"page","link":"https:\/\/demokratiegeschichte-bruchsal.de\/?page_id=385","title":{"rendered":"Bruchsal und die \u201eStra\u00dfe der Demokratie\u201c"},"content":{"rendered":"\n<p><strong>Neuer Termin f\u00fcr die Stadtf\u00fchrung mit Rainer Kaufmann: 10. April 2022<\/strong><\/p>\n\n\n\n<p>Bruchsal und die Demokratiegeschichte Deutschlands &#8211; ein spannendes Thema, denn nahezu \u00fcberall in der Bruchsaler Stadtmitte treffen wir auf Pl\u00e4tze, an denen wichtige Ereignisse dieses Teils der deutschen Geschichte stattfanden. Oder auf Personen der Lokalgeschichte, die eng mit der Demokratie-Werdung Deutschlands verbunden sind. Jetzt, im Vorfeld des 175-j\u00e4hrigen Jubil\u00e4ums der Liberalen Revolutionen der Jahre 1848\/49 und des 500-j\u00e4hrigen Jubil\u00e4ums der Bauernkriege von 1525, muss die Frage wieder verst\u00e4rkt aufgegriffen werden, welchen Beitrag Bruchsal zu den b\u00fcrgerlichen-demokratischen Erhebungen der letzen 500 Jahre geleistet hat. Und dies vor dem Hintergrund, dass in diesem Jahr das 300-j\u00e4hrige Jubil\u00e4um der Grundsteinlegung des Bruchsaler Schlosses mit gro\u00dfem Aufwand gefeiert wird.<\/p>\n\n\n\n<p>Daher bietet der F\u00f6rderverein <strong>Lernort Bergfried-Bruchsal &#8222;Freiheit-B\u00fcrgerrechte und Demokratie&#8220;<\/strong> in Zusammenarbeit mit der Tourist-Information der Stadt Bruchsal eine spezielle Stadtf\u00fchrung unter dem Thema <strong>&#8222;Bruchsal und die Stra\u00dfe der Demokratie&#8220;<\/strong> an. Zusammengestellt wurde die F\u00fchrung vom Vereinsvorsitzenden Rainer Kaufmann, der die F\u00fchrung auch leiten wird, und dem Bruchsaler Hisotriker Dr. J\u00fcrgen Dick. Dabei k\u00f6nnen eine ganze Reihe bisher kaum bekannter historischer Dokumente und Quellen pr\u00e4sentiert werden. Das Fazit: Die gesamte Stadtmitte von Bruchsal bietet sich als <em>\u201eLernort Freiheit und Demokratie\u201c<\/em> an, auf dem die lokale Geschichte als Spiegel der deutschen Geschichte vor allem f\u00fcr die staatsb\u00fcrgerliche Bildung k\u00fcnftiger Generationen dokumentiert und <em>\u201ezukunftsf\u00e4hig\u201c<\/em> pr\u00e4sentiert werden kann. <\/p>\n\n\n\n<p><strong>Die Stationen der F\u00fchrung sind:<\/strong> Damianstor, Strafvollzugsanstalt, Gasthaus &#8222;Zum B\u00e4ren&#8220;, Schlo\u00df-Platz, Cafe Eulenspiegel, Huttenstra\u00dfe, Bergfried und B\u00fcrgerpark. Die F\u00fchrung beginnt um 15:00 Uhr und dauert 1,5 bis 2 Stunden. Treffpunkt: Damianstor. F\u00fcr die F\u00fchrung erhebt die Tourist-Information einen Beitrag von \u20ac 6,&#8211; pro Person. Eine Anmeldung ist nicht erforderlich. Trotzdem w\u00e4re der F\u00f6rderverein f\u00fcr Anmeldungen dankbar unter der email-adresse: <a href=\"mailto:lernort-freiheit@bruchsal-bergfried.de\">lernort-freiheit@bruchsal-bergfried.de<\/a><\/p>\n\n\n\n<p><\/p>\n\n\n\n<p><br><br><\/p>\n","protected":false},"excerpt":{"rendered":"<p>Neuer Termin f\u00fcr die Stadtf\u00fchrung mit Rainer Kaufmann: 10. April 2022 Bruchsal und die Demokratiegeschichte Deutschlands &#8211; ein spannendes Thema, denn nahezu \u00fcberall in der Bruchsaler Stadtmitte treffen wir auf Pl\u00e4tze, an denen wichtige Ereignisse dieses Teils der deutschen Geschichte stattfanden. Oder auf Personen der Lokalgeschichte, die eng mit der Demokratie-Werdung Deutschlands verbunden sind. Jetzt, &hellip;<\/p>\n<p class=\"read-more\"> <a class=\"\" href=\"https:\/\/demokratiegeschichte-bruchsal.de\/?page_id=385\"> <span class=\"screen-reader-text\">Bruchsal und die \u201eStra\u00dfe der Demokratie\u201c<\/span> Weiterlesen &raquo;<\/a><\/p>\n","protected":false},"author":1,"featured_media":0,"parent":0,"menu_order":0,"comment_status":"closed","ping_status":"closed","template":"","meta":[],"_links":{"self":[{"href":"https:\/\/demokratiegeschichte-bruchsal.de\/index.php?rest_route=\/wp\/v2\/pages\/385"}],"collection":[{"href":"https:\/\/demokratiegeschichte-bruchsal.de\/index.php?rest_route=\/wp\/v2\/pages"}],"about":[{"href":"https:\/\/demokratiegeschichte-bruchsal.de\/index.php?rest_route=\/wp\/v2\/types\/page"}],"author":[{"embeddable":true,"href":"https:\/\/demokratiegeschichte-bruchsal.de\/index.php?rest_route=\/wp\/v2\/users\/1"}],"replies":[{"embeddable":true,"href":"https:\/\/demokratiegeschichte-bruchsal.de\/index.php?rest_route=%2Fwp%2Fv2%2Fcomments&post=385"}],"version-history":[{"count":28,"href":"https:\/\/demokratiegeschichte-bruchsal.de\/index.php?rest_route=\/wp\/v2\/pages\/385\/revisions"}],"predecessor-version":[{"id":528,"href":"https:\/\/demokratiegeschichte-bruchsal.de\/index.php?rest_route=\/wp\/v2\/pages\/385\/revisions\/528"}],"wp:attachment":[{"href":"https:\/\/demokratiegeschichte-bruchsal.de\/index.php?rest_route=%2Fwp%2Fv2%2Fmedia&parent=385"}],"curies":[{"name":"wp","href":"https:\/\/api.w.org\/{rel}","templated":true}]}}