{"id":710,"date":"2024-01-18T11:56:14","date_gmt":"2024-01-18T10:56:14","guid":{"rendered":"http:\/\/bruchsal-bergfried.de\/?page_id=710"},"modified":"2024-01-18T12:28:40","modified_gmt":"2024-01-18T11:28:40","slug":"neues-tourismuskonzept-bruchsal-ort-der-demokratiegeschichte","status":"publish","type":"page","link":"https:\/\/demokratiegeschichte-bruchsal.de\/?page_id=710","title":{"rendered":"Neues Tourismuskonzept: &#8222;Bruchsal &#8211; Ort der Demokratiegeschichte&#8220;"},"content":{"rendered":"\n<p><strong><em>\u201eTats\u00e4chlich hat das erstaunliche Ansehen, das Deutschland heute in der Welt genie\u00dft, wesentlich mit unserem verantwortungsvollen Umgang mit der eigenen Geschichte zu tun. Zum historischen Werden Deutschlands geh\u00f6rt im \u00dcbrigen auch seine zwar wechselvolle, aber beachtliche Freiheits- und Demokratiegeschichte. Ihr angemessen und w\u00fcrdig zu gedenken, ist ebenso unverzichtbar wie konstruktiv f\u00fcr das Selbstverst\u00e4ndnis unserer Nation.\u201c<\/em><\/strong><\/p>\n\n\n\n<p class=\"has-text-align-right\"><em>Bundestagspr\u00e4sident Dr. Norbert Lammert vom 12. Februar 2017 bei der Er\u00f6ffnung der Bundesversammlung, auf der Frank-Walter Steinmeier erstmals zum Bundespr\u00e4sidenten gew\u00e4hlt wurde.<\/em><\/p>\n\n\n\n<p>Als Mitglied der bundesweit organisierten <strong>Arbeitsgemeinschaft &#8222;Orte der Demokratiegeschichte&#8220;<\/strong> ist der <strong>F\u00f6rderverein &#8222;Demokratiegeschichte Bruchsal&#8220;<\/strong> direkt beteiligt an der Konzeption eines v\u00f6llig neuen Tourismus-Konzeptes f\u00fcr ganz Deutschland, das unter dem Logo <strong>&#8222;Route der Demokratiegeschichte&#8220;<\/strong> k\u00fcnftig f\u00fcr Pl\u00e4tze, St\u00e4dte und Orte eine gemeinsame Tourismus-Strategie aufbauen soll, an denen die Geschichte der Demokratiewerdung Deutschlands beispielhaft dargestellt und pr\u00e4sentiert werden kann. Der folgende Vorschlag eines lokalen Tourismus-Konzeptes bietet Bruchsal durchaus die Chance, in diesem k\u00fcnftigen Netzwerk einen prominenten Platz einzunehmen. Es sollte jetzt von der Stadtgesellschaft, der Stadtverwaltung, den politischen Gremien und den Medien ausf\u00fchrlich, aber zeitnah, diskutiert werden, damit Bruchsal auch \u00fcber die <strong>Bundesstiftung &#8222;Orte der Demokratiegeschichte&#8220;<\/strong> entsprechende finanzielle F\u00f6rderungen beantragen kann. Hier der volle Wortlaut unseres Vorschlags:<\/p>\n\n\n\n<p><strong><u>Vorbemerkungen<\/u><\/strong><\/p>\n\n\n\n<p><strong><u>Stra\u00dfe der Demokratie<\/u><\/strong><br>Die Stadt Bruchsal war urspr\u00fcnglich Mitglied in der kommunalen <strong>Arbeitsgemeinschaft<\/strong> <strong>\u201eStra\u00dfe der Demokratie\u201c<\/strong>, die im Jahr 1998 anl\u00e4sslich des 150-j\u00e4hrigen Jubil\u00e4ums der Freiheitserhebungen 1848\/49 gegr\u00fcndet wurde. Die Idee wurde im Jahr 2005 von den Archivaren und vor allem von den Tourismus-Managern der St\u00e4dte Frankfurt, Freiburg, Heidelberg, Karlsruhe, Landau, L\u00f6rrach, Mainz, Mannheim, Neustadt, Offenburg, Rastatt und Bruchsal aufgegriffen und in ein touristisches Angebot umgesetzt, nachzulesen in dem Buch <strong>\u201eDie Stra\u00dfe der Demokratie \u2013 Ein Routenbegleiter auf den Spuren der Freiheit\u201c<\/strong> aus dem Jahr 2007, u.a. auch mit einem Beitrag des Bruchsaler Stadtarchivars. Bei der Zweitauflage des Buches im Jahr 2011 war Bruchsal nicht mehr vertreten, man hatte die Arbeitsgemeinschaft aus finanziellen Gr\u00fcnden verlassen. Ein Schritt, der allerdings auch inhaltlich nachvollziehbar sein kann, denn Bruchsals Selbstdarstellung in dieser interkommunalen Stra\u00dfe ersch\u00f6pfte sich haupts\u00e4chlich in den Themen Barockschloss und Strafvollzugsanstalt \u2013 beides Themen, mit denen man unter dem Logo dieser Aktion und dem Profil anderer St\u00e4dte inhaltlich kaum wettbewerbsf\u00e4hig war. Dies, obwohl zum 150-j\u00e4hrigen Jubil\u00e4um Jahre zuvor auch in Bruchsal ein ansprechendes Veranstaltungsprogramm mit vielen historischen Informationen \u00fcber Bruchsals Rolle in diesen Jahren geboten wurde, wie in dem 1998 von der damaligen Historischen Kommission der Stadt herausgegebenen Buch <strong>\u201eIn unserer sonst so ruhigen Stadt\u2026\u201c<\/strong> beschrieben wird. Dieses Thema wurde in der Au\u00dfendarstellung Bruchsals allerdings str\u00e4flich vernachl\u00e4ssigt, obwohl \u2013 wie mittlerweise durch weitere historische Forschungen nachgewiesen \u2013 Bruchsal recht beachtliche Beitr\u00e4ge zu den verschiedenen demokratischen Erhebungen der fr\u00fcheren Jahrhunderte aufzuweisen hat. Dies wird auch in dem von der Abteilung Kultur im Hauptamt der Stadtverwaltung f\u00fcr das Jahr 2024 geplanten Veranstaltungsprogramm zum 175-j\u00e4hrigen Jubil\u00e4um deutlich werden.<\/p>\n\n\n\n<p><strong><u>Route der Demokratiegeschichte<\/u><\/strong><br>In der Zwischenzeit hat sich mit Sitz in Weimar eine bundesdeutsche <strong>Arbeitsgemeinschaft \u201eOrte der Demokratiegeschichte\u201c<\/strong> gebildet. Der <strong>F\u00f6rderverein \u201eDemokratiegeschichte Bruchsal\u201c<\/strong> ist Mitglied in dieser AG. Im Jahr 2023 hat die AG ein Projekt <strong>\u201eRoute der Demokratiegeschichte\u201c<\/strong> gestartet, mit dem k\u00fcnftig bundesweit touristische Angebote mit diesem Themenhintergrund koordiniert und auch im In- und Ausland professionell beworben werden sollen. Daf\u00fcr sind zwei Ebenen vorgesehen, einmal St\u00e4dte oder Orte als so genannte <strong>\u201eAnkerpunkte\u201c<\/strong>, zum anderen so genannte <strong>\u201eCluster\u201c<\/strong>, die um diese Ankerpunkte herum gebildet werden. Bruchsal ist bei den vorbereitenden Online-Konferenzen zu diesem Konzept durch den F\u00f6rderverein auf der Ebene <strong>\u201eCluster\u201c<\/strong> bereits vertreten und beteiligt. Es gibt aber durchaus die Chance, eventuell sogar als <strong>\u201eAnkerpunkt\u201c<\/strong> aufgenommen zu werden, da die Stadt zu den Themen der Demokratiewerdung mit allen erfolgversprechenden Ans\u00e4tzen, aber auch allen R\u00fcckschl\u00e4gen und Misserfolgen der deutschen Geschichte wohl mehr Ereignisse und Protagonisten nachweisen kann als viele andere St\u00e4dte unserer Gr\u00f6\u00dfe und dies in einem kompakten Stadtrundgang, der auch mit den entsprechenden modernen Kommunikations-Medien pr\u00e4sentiert werden sollte. Diesem Ziel dient dieser Vorschlag eines entsprechenden Tourismuskonzeptes.<\/p>\n\n\n\n<p><strong><u>Bundesstiftung Orte der Demokratiegeschichte<\/u><\/strong><br>Zu beachten ist dabei, dass die <strong>AG<\/strong> <strong>\u201eOrte der Demokratiegeschichte\u201c<\/strong> mittlerweile eine eigene <strong>Bundesstiftung \u201eOrte der Demokratiegeschichte\u201c<\/strong> erhalten hat, \u00fcber die f\u00fcr sinnstiftende Investitionen als auch f\u00fcr den Dauerbetrieb eventueller Einrichtungen Zusch\u00fcsse gew\u00e4hrt werden. Die erste Antragsfrist l\u00e4uft Ende Februar 2024 bereits ab. F\u00fcr Bruchsal besteht daher die M\u00f6glichkeit, f\u00fcr eventuelle erste Investitionen in dieses Projekt schon in diesem Jahr Zusch\u00fcsse zu bekommen. Die Antr\u00e4ge k\u00f6nnen von jeder juristischen Person gestellt werden, der F\u00f6rderverein wird dies mit Kooperation und Unterst\u00fctzung durch die Stadtverwaltung pr\u00fcfen.<\/p>\n\n\n\n<p><strong><u>Projektvorschl\u00e4ge<\/u><\/strong><br><strong><u>\u00dcberblick Stand Mai 2023<\/u><\/strong><\/p>\n\n\n\n<figure class=\"wp-block-image size-large\"><img loading=\"lazy\" width=\"1024\" height=\"576\" src=\"http:\/\/bruchsal-bergfried.de\/wp-content\/uploads\/2024\/01\/Lageplan-Demokratieorte-Bruchsal-01-Kopie-1-1024x576.jpg\" alt=\"\" class=\"wp-image-712\" srcset=\"https:\/\/demokratiegeschichte-bruchsal.de\/wp-content\/uploads\/2024\/01\/Lageplan-Demokratieorte-Bruchsal-01-Kopie-1-1024x576.jpg 1024w, https:\/\/demokratiegeschichte-bruchsal.de\/wp-content\/uploads\/2024\/01\/Lageplan-Demokratieorte-Bruchsal-01-Kopie-1-300x169.jpg 300w, https:\/\/demokratiegeschichte-bruchsal.de\/wp-content\/uploads\/2024\/01\/Lageplan-Demokratieorte-Bruchsal-01-Kopie-1-150x84.jpg 150w, https:\/\/demokratiegeschichte-bruchsal.de\/wp-content\/uploads\/2024\/01\/Lageplan-Demokratieorte-Bruchsal-01-Kopie-1-768x432.jpg 768w, https:\/\/demokratiegeschichte-bruchsal.de\/wp-content\/uploads\/2024\/01\/Lageplan-Demokratieorte-Bruchsal-01-Kopie-1.jpg 1280w\" sizes=\"(max-width: 1024px) 100vw, 1024px\" \/><\/figure>\n\n\n\n<p>Diese erste \u00dcbersicht zeigt die m\u00f6glichen Anlauforte eines solchen Stadtrundgangs, der nat\u00fcrlich noch durch weitere Pl\u00e4tze und Exkursionen au\u00dferhalb der Kernstadt erg\u00e4nzt werden kann wie den Obergrombacher j\u00fcdischen Friedhof oder das Joss-Fritz-Denkmal in Untergrombach. In einem solchen Rundgang k\u00f6nnen Themen wie Bauerkriege mit Hinrichtung Anton Eisenhuts am Bergfried, Barockschloss und dessen Finanzierung durch Schutzjuden, Judenprogrome im Mittelalter, Demokratischer Volksverein in Bruchsal, Badische Revolution mit Befreiung der politischen Gefangenen durch die Bruchsaler Bev\u00f6lkerung, Bruchsaler \u201eForty eighters\u201c in den USA, Arbeiter- und Bauernrat 1918, Richtst\u00e4tte der NS-Terrorjustiz, Wehrmachtgef\u00e4ngnis, Reichsprogromnacht, Geschichte der j\u00fcdischen Bev\u00f6lkerung von Bruchsal und Umgebung, Vertreibung nach Gurs, j\u00fcd. Grabsteine in der Obergrombacher Hohle, Opposition gegen NS-Regime, NS-Aktivisten in Bruchsal, 1. M\u00e4rz 1945 und viele Ereignisse auch aus der Nachkriegszeit wie der Bau des Feuerwehrhauses pr\u00e4sentiert und in einen historischen Zusammenhang gebracht werden. Auch die Liste der historischen Personen in diesem Zusammenhang ist beachtlich: Anton Eisenhut, Joss Fritz, F\u00fcrstbisch\u00f6fe, Lorenz Brentano, Franz Sigel, Corvin-Wiersbitzki, Peter Lacher, Minister von Bekk, Amalie und Gustav Struve, Sebastian Grundel, der \u201eNeutempler\u201c Karl Geitz, Bea Macgill, Edith L\u00f6b, Otto Oppenheimer, Gruppe Christopher. Diese Listen sind sicher noch zu erg\u00e4nzen, sie zeigen aber die besonderen M\u00f6glichkeiten, allein in der Stadtmitte von Bruchsal wesentliche Teile der deutschen Demokratiegeschichte wie in einem Brennglas zu veranschaulichen.<\/p>\n\n\n\n<p><strong><u>Umsetzungsm\u00f6glichkeiten<br><\/u><\/strong>F\u00fcr die Umsetzung eines solchen Stadtrundgangs gibt es verschiedene Beispiele. Hier das von Breisach\/Kaiserstuhl, ein Muster, das auch f\u00fcr Bruchsal umsetzbar und finanzierbar w\u00e4re:<\/p>\n\n\n\n<figure class=\"wp-block-image size-large is-resized\"><img loading=\"lazy\" src=\"http:\/\/bruchsal-bergfried.de\/wp-content\/uploads\/2024\/01\/20231228_152320-1-1024x461.jpg\" alt=\"\" class=\"wp-image-715\" width=\"273\" height=\"122\" srcset=\"https:\/\/demokratiegeschichte-bruchsal.de\/wp-content\/uploads\/2024\/01\/20231228_152320-1-1024x461.jpg 1024w, https:\/\/demokratiegeschichte-bruchsal.de\/wp-content\/uploads\/2024\/01\/20231228_152320-1-300x135.jpg 300w, https:\/\/demokratiegeschichte-bruchsal.de\/wp-content\/uploads\/2024\/01\/20231228_152320-1-150x68.jpg 150w, https:\/\/demokratiegeschichte-bruchsal.de\/wp-content\/uploads\/2024\/01\/20231228_152320-1-768x346.jpg 768w, https:\/\/demokratiegeschichte-bruchsal.de\/wp-content\/uploads\/2024\/01\/20231228_152320-1-1536x691.jpg 1536w, https:\/\/demokratiegeschichte-bruchsal.de\/wp-content\/uploads\/2024\/01\/20231228_152320-1-2048x922.jpg 2048w\" sizes=\"(max-width: 273px) 100vw, 273px\" \/><\/figure>\n\n\n\n<figure class=\"wp-block-image size-large is-resized\"><img loading=\"lazy\" src=\"http:\/\/bruchsal-bergfried.de\/wp-content\/uploads\/2024\/01\/20231228_154717-1024x461.jpg\" alt=\"\" class=\"wp-image-714\" width=\"268\" height=\"121\" srcset=\"https:\/\/demokratiegeschichte-bruchsal.de\/wp-content\/uploads\/2024\/01\/20231228_154717-1024x461.jpg 1024w, https:\/\/demokratiegeschichte-bruchsal.de\/wp-content\/uploads\/2024\/01\/20231228_154717-300x135.jpg 300w, https:\/\/demokratiegeschichte-bruchsal.de\/wp-content\/uploads\/2024\/01\/20231228_154717-150x68.jpg 150w, https:\/\/demokratiegeschichte-bruchsal.de\/wp-content\/uploads\/2024\/01\/20231228_154717-768x346.jpg 768w, https:\/\/demokratiegeschichte-bruchsal.de\/wp-content\/uploads\/2024\/01\/20231228_154717-1536x691.jpg 1536w, https:\/\/demokratiegeschichte-bruchsal.de\/wp-content\/uploads\/2024\/01\/20231228_154717-2048x922.jpg 2048w\" sizes=\"(max-width: 268px) 100vw, 268px\" \/><\/figure>\n\n\n\n<figure class=\"wp-block-image size-large is-resized\"><img loading=\"lazy\" src=\"http:\/\/bruchsal-bergfried.de\/wp-content\/uploads\/2024\/01\/20231228_154731-1024x461.jpg\" alt=\"\" class=\"wp-image-716\" width=\"269\" height=\"121\" srcset=\"https:\/\/demokratiegeschichte-bruchsal.de\/wp-content\/uploads\/2024\/01\/20231228_154731-1024x461.jpg 1024w, https:\/\/demokratiegeschichte-bruchsal.de\/wp-content\/uploads\/2024\/01\/20231228_154731-300x135.jpg 300w, https:\/\/demokratiegeschichte-bruchsal.de\/wp-content\/uploads\/2024\/01\/20231228_154731-150x68.jpg 150w, https:\/\/demokratiegeschichte-bruchsal.de\/wp-content\/uploads\/2024\/01\/20231228_154731-768x346.jpg 768w, https:\/\/demokratiegeschichte-bruchsal.de\/wp-content\/uploads\/2024\/01\/20231228_154731-1536x691.jpg 1536w, https:\/\/demokratiegeschichte-bruchsal.de\/wp-content\/uploads\/2024\/01\/20231228_154731-2048x922.jpg 2048w\" sizes=\"(max-width: 269px) 100vw, 269px\" \/><\/figure>\n\n\n\n<p>Solche Tafeln sind wetterfest, randalier-sicher und \u00fcber einen langen Zeitraum UV-best\u00e4ndig, durchaus preiswert und optisch attraktiv.<\/p>\n\n\n\n<p>Der Stadtrundgang kann auch in kurzen Videoclips zu einzelnen Stationen, Ereignissen oder Personen angeboten werden, die u.U. \u00fcber QCR-Codes vor Ort abgerufen werden k\u00f6nnen. Der <strong>F\u00f6rderverein \u201eDemokratiegeschichte Bruchsal\u201c<\/strong> bietet an, die inhaltliche Vorbereitung wie auch die Umsetzung dieses Stadtrundgangs in Kooperation mit der Stadtverwaltung zu koordinieren und ihn auch innerhalb des bundesweiten Projektes <strong>\u201eRoute der Demokratiegeschichte\u201c<\/strong> auf Dauer zu vertreten.<\/p>\n\n\n\n<p><strong><u>Zentraler Punkt des Stadtrundgangs: Denkort Fundamente<\/u><\/strong><\/p>\n\n\n\n<p>Wichtig ist aber, dass ein solcher Stadtrundgang einen zentralen Sammel-Punkt bekommt, an dem weitere Informationen in konzentrierter Form geboten werden. Ein idealer Standort, r\u00e4umlich und inhaltlich, w\u00e4re der <strong>\u201eDenkort Fundamente\u201c<\/strong> mit dem <strong>Haus der Geschichte der Juden Badens<\/strong>, zu dem ein solcher Stadtrundgang eine wichtige und unverzichtbare historische Erg\u00e4nzung darstellt. Mit einem solchen Gesamt-Konzept, wenn es nur energisch angegangen und in ersten Schritten recht zeitnah umgesetzt wird, kann Bruchsal in dem <strong>Tourismus-Konzept \u201eRoute der Demokratiegeschichte\u201c<\/strong> unter Umst\u00e4nden sogar den Antrag stellen, &nbsp;als <strong>\u201eAnkerpunkt\u201c<\/strong> anerkannt zu werden. Dies w\u00fcrde der Stadt die einmalige Chance bieten, bei verschiedenen regionalen Rundreise-Angeboten, die von dem Projekt geplant werden, an prominenter Stelle vertreten zu sein. &nbsp;<\/p>\n\n\n\n<p><strong><u>Weiteres Vorgehen<\/u><\/strong><\/p>\n\n\n\n<p>Da die erste Antragsfrist f\u00fcr eventuelle Zusch\u00fcsse bereits im Februar ausl\u00e4uft, wird dieser Projektvorschlag der Stadtverwaltung, der Kommission f\u00fcr Stadtgeschichte, dem Gemeinderat und den lokalen Medien zur weiteren Diskussion in der Stadtgesellschaft \u00fcbergeben. Der <strong>F\u00f6rderverein \u201eDemokratiegeschichte Bruchsal\u201c <\/strong>schl\u00e4gt vor, m\u00f6glichst rasch ein erstes Gespr\u00e4ch mit den zust\u00e4ndigen \u00c4mtern der Stadtverwaltung zu f\u00fchren, um die Chancen f\u00fcr eine Umsetzung zu eruieren sowie eine erste Kostenkalkulation f\u00fcr einen eventuellen F\u00f6rderantrag zu erarbeiten.&nbsp; Das Projekt k\u00f6nnte dann in der n\u00e4chsten Sitzung der <strong>Kommission f\u00fcr Stadtgeschichte<\/strong> beraten werden, bevor es dann dem Gemeinderat zur weiteren Beratung und Entscheidung vorgelegt wird.<\/p>\n\n\n\n<p>Weitere Informationen \u00fcber die <strong>AG \u201eOrte der Demokratiegeschichte\u201c <\/strong>und die dazu geh\u00f6rende Bundesstiftung sowie dasProjekt <strong>\u201cRoute der Demokratiegeschichte\u201c<\/strong> mit entsprechenden Links und Kontakt-Adressen k\u00f6nnen \u00fcber den <strong>F\u00f6rderverein \u201eDemokratiegeschichte Bruchsal\u201c<\/strong> angefragt werden.<\/p>\n\n\n\n<p>Verantwortlich:<br>F\u00f6rderverein \u201eDemokratiegeschichte Bruchsal\u201c<br>Rainer Kaufmann \u2013 Dr. J\u00fcrgen Dick<br>1. und 2. Vorsitzender<br><a href=\"http:\/\/www.bruchsal-bergfried.de\">www.bruchsal-bergfried.de<\/a> \u2013 <a href=\"mailto:demokratiegeschichte@bruchsal-bergfried.de\">demokratiegeschichte@bruchsal-bergfried.de<\/a><\/p>\n","protected":false},"excerpt":{"rendered":"<p>\u201eTats\u00e4chlich hat das erstaunliche Ansehen, das Deutschland heute in der Welt genie\u00dft, wesentlich mit unserem verantwortungsvollen Umgang mit der eigenen Geschichte zu tun. Zum historischen Werden Deutschlands geh\u00f6rt im \u00dcbrigen auch seine zwar wechselvolle, aber beachtliche Freiheits- und Demokratiegeschichte. Ihr angemessen und w\u00fcrdig zu gedenken, ist ebenso unverzichtbar wie konstruktiv f\u00fcr das Selbstverst\u00e4ndnis unserer Nation.\u201c &hellip;<\/p>\n<p class=\"read-more\"> <a class=\"\" href=\"https:\/\/demokratiegeschichte-bruchsal.de\/?page_id=710\"> <span class=\"screen-reader-text\">Neues Tourismuskonzept: &#8222;Bruchsal &#8211; Ort der Demokratiegeschichte&#8220;<\/span> Weiterlesen &raquo;<\/a><\/p>\n","protected":false},"author":2,"featured_media":0,"parent":0,"menu_order":0,"comment_status":"closed","ping_status":"closed","template":"","meta":[],"_links":{"self":[{"href":"https:\/\/demokratiegeschichte-bruchsal.de\/index.php?rest_route=\/wp\/v2\/pages\/710"}],"collection":[{"href":"https:\/\/demokratiegeschichte-bruchsal.de\/index.php?rest_route=\/wp\/v2\/pages"}],"about":[{"href":"https:\/\/demokratiegeschichte-bruchsal.de\/index.php?rest_route=\/wp\/v2\/types\/page"}],"author":[{"embeddable":true,"href":"https:\/\/demokratiegeschichte-bruchsal.de\/index.php?rest_route=\/wp\/v2\/users\/2"}],"replies":[{"embeddable":true,"href":"https:\/\/demokratiegeschichte-bruchsal.de\/index.php?rest_route=%2Fwp%2Fv2%2Fcomments&post=710"}],"version-history":[{"count":2,"href":"https:\/\/demokratiegeschichte-bruchsal.de\/index.php?rest_route=\/wp\/v2\/pages\/710\/revisions"}],"predecessor-version":[{"id":723,"href":"https:\/\/demokratiegeschichte-bruchsal.de\/index.php?rest_route=\/wp\/v2\/pages\/710\/revisions\/723"}],"wp:attachment":[{"href":"https:\/\/demokratiegeschichte-bruchsal.de\/index.php?rest_route=%2Fwp%2Fv2%2Fmedia&parent=710"}],"curies":[{"name":"wp","href":"https:\/\/api.w.org\/{rel}","templated":true}]}}