{"id":872,"date":"2026-01-24T14:18:34","date_gmt":"2026-01-24T13:18:34","guid":{"rendered":"http:\/\/demokratiegeschichte-bruchsal.de\/?page_id=872"},"modified":"2026-03-19T10:28:48","modified_gmt":"2026-03-19T09:28:48","slug":"18-maerz-tag-der-demokratiegeschichte","status":"publish","type":"page","link":"https:\/\/demokratiegeschichte-bruchsal.de\/?page_id=872","title":{"rendered":"Veranstaltungsprogramm: Tag der Demokratiegeschichte"},"content":{"rendered":"\n<p>Am 18. M\u00e4rz 2026 veranstaltet die Stiftung \u201eOrte der deutschen Demokratiegeschichte\u201c unter der Schirmherrschaft von Bundespr\u00e4sident Frank-Walter Steinmeier den ersten bundesweiten \u201eTag der Demokratiegeschichte\u201c. In Zusammenarbeit mit der Sparkasse Kraichgau bietet der \u201eF\u00f6rderverein Demokratiegeschichte Bruchsal\u201c e.V. aus diesem Anlass folgende interessanten Angebote:<\/p>\n\n\n\n<p><strong>18. M\u00e4rz 2026, 18:30 Uhr, <\/strong>Kundenzentrum der Sparkasse Kraichgau<br>Vortrag vom Historiker Dr. Dr. J\u00fcrgen Dick<br><strong>In unsrer sonst so ruhigen Stadt\u2026<br>Bruchsaler Personen und Aktivit\u00e4ten im Rahmen der b\u00fcrgerlichen Demokratiebewegung von 1848\/49.<br><\/strong>Der Titel des Vortrages kn\u00fcpft an die Publikation von Johannes M. Goldschmit aus dem Jahre 1998 an.\u00a0Pr\u00e4sentiert werden die Lebensl\u00e4ufe von Lorenz Brentano, Amalie Struve, Franz Sigel, Otto von Corvin-Wiersbitzki und Heinrich Hetterich und ihre jeweiligen Beziehungen zu Bruchsal. Es wird deutlich, dass damals M\u00e4nner und Frauen Leib, Leben und Existenz riskiert haben f\u00fcr freiheitlich-demokratische Werte, die uns heute selbstverst\u00e4ndlich sind. Dar\u00fcber hinaus werden die Grundz\u00fcge der deutschen Demokratiegeschichte bis in die heutige Zeit nachvollzogen und die Bedeutung einer demokratischen Erinnerungskultur betont. Der Vortragende hat vor kurzem mit einer Biografie \u00fcber Franz Sigel promoviert, einem der f\u00fchrenden badischen Revolution\u00e4re von 1848\/49 und sp\u00e4teren Forty-Eighter-General im Amerikanischen B\u00fcrgerkrieg. Er ist Mitglied der \u201eKommission f\u00fcr Stadtgeschichte\u201c der Stadt Bruchsal.<\/p>\n\n\n\n<p><strong>18. M\u00e4rz \u2013 22. April 2026<\/strong>, Kundenzentrum der Sparkasse Kraichgau<br><strong>Bruchsal in unruhigen Zeiten<br><\/strong>Wander-Ausstellung von Info-Plakaten zu Bruchsaler Akteuren und Ereignissen der Jahre 1848\/49. Die Ausstellung kann im Anschluss auch an anderen Orten gezeigt werden, verbunden mit literarischen Lesungen oder Vortr\u00e4gen zu diesem Teil der deutschen Geschichte.<\/p>\n\n\n\n<p><strong>21. M\u00e4rz, 14:00 Uhr und 22. M\u00e4rz,<\/strong> 10:00 Uhr und 14:00 Uhr, Treffpunkt: Damianstor<br><strong>Stadtf\u00fchrungen \u201eBruchsal und die Demokratiegeschichte\u201c<br><\/strong>Ein informativer historischer Stadtrundgang, gef\u00fchrt vom Bruchsaler Journalisten Rainer Kaufmann, Autor des Buches \u201eElternstadt Bruchsal \u2013 ein ganz pers\u00f6nlicher Stadtf\u00fchrer\u201c und Mitglied der \u201eKommission f\u00fcr Stadtgeschichte\u201c der Stadt Bruchsal. Dauer des Rundgangs ca. zwei Stunden. Beginn am Gasthaus \u201eZum B\u00e4ren\u201c, ehemals: \u201eHetterich\u00b4sches Bierhaus\u201c. Ende am ehemaligen Feuerwehrhaus, dem fr\u00fcheren Standort der j\u00fcdischen Synagoge. In diesem Rundgang wird deutlich, dass Bruchsal in seiner Stadtmitte erstaunlich viele Schaupl\u00e4tze aufzuzeigen hat, an denen die wechselvolle Geschichte der Demokratisierung Deutschlands samt aller R\u00fcckschl\u00e4ge und Niederlagen nachhaltig erz\u00e4hlt werden kann.<\/p>\n\n\n\n<p>Zur Vorbereitung der Veranstaltungen, f\u00fcr die kein Eintritt erhoben wird, bitten wir um rechtzeitige Anmeldung: <a href=\"mailto:vorstand@demokratiegeschichte-bruchsal.de\" target=\"_blank\" rel=\"noreferrer noopener\">vorstand@demokratiegeschichte-bruchsal.de<\/a><\/p>\n\n\n\n<p>Der \u201eF\u00f6rderverein Demokratiegeschichte Bruchsal\u201c e.V. wird unterst\u00fctzt von der \u201eBruchsaler Bildungsstiftung\u201c<\/p>\n\n\n\n<p>und ist Mitglied der bundesweiten Arbeitsgemeinschaft \u201eOrte der Demokratiegeschichte\u201c.<br>Mehr Infos auf: <a href=\"http:\/\/www.demokratiegeschichte-bruchsal.de\">www.demokratiegeschichte-bruchsal.de<\/a>.<br><br><\/p>\n","protected":false},"excerpt":{"rendered":"<p>Am 18. M\u00e4rz 2026 veranstaltet die Stiftung \u201eOrte der deutschen Demokratiegeschichte\u201c unter der Schirmherrschaft von Bundespr\u00e4sident Frank-Walter Steinmeier den ersten bundesweiten \u201eTag der Demokratiegeschichte\u201c. In Zusammenarbeit mit der Sparkasse Kraichgau bietet der \u201eF\u00f6rderverein Demokratiegeschichte Bruchsal\u201c e.V. aus diesem Anlass folgende interessanten Angebote: 18. M\u00e4rz 2026, 18:30 Uhr, Kundenzentrum der Sparkasse KraichgauVortrag vom Historiker Dr. Dr. &hellip;<\/p>\n<p class=\"read-more\"> <a class=\"\" href=\"https:\/\/demokratiegeschichte-bruchsal.de\/?page_id=872\"> <span class=\"screen-reader-text\">Veranstaltungsprogramm: Tag der Demokratiegeschichte<\/span> Weiterlesen &raquo;<\/a><\/p>\n","protected":false},"author":2,"featured_media":0,"parent":0,"menu_order":0,"comment_status":"closed","ping_status":"closed","template":"","meta":[],"_links":{"self":[{"href":"https:\/\/demokratiegeschichte-bruchsal.de\/index.php?rest_route=\/wp\/v2\/pages\/872"}],"collection":[{"href":"https:\/\/demokratiegeschichte-bruchsal.de\/index.php?rest_route=\/wp\/v2\/pages"}],"about":[{"href":"https:\/\/demokratiegeschichte-bruchsal.de\/index.php?rest_route=\/wp\/v2\/types\/page"}],"author":[{"embeddable":true,"href":"https:\/\/demokratiegeschichte-bruchsal.de\/index.php?rest_route=\/wp\/v2\/users\/2"}],"replies":[{"embeddable":true,"href":"https:\/\/demokratiegeschichte-bruchsal.de\/index.php?rest_route=%2Fwp%2Fv2%2Fcomments&post=872"}],"version-history":[{"count":5,"href":"https:\/\/demokratiegeschichte-bruchsal.de\/index.php?rest_route=\/wp\/v2\/pages\/872\/revisions"}],"predecessor-version":[{"id":908,"href":"https:\/\/demokratiegeschichte-bruchsal.de\/index.php?rest_route=\/wp\/v2\/pages\/872\/revisions\/908"}],"wp:attachment":[{"href":"https:\/\/demokratiegeschichte-bruchsal.de\/index.php?rest_route=%2Fwp%2Fv2%2Fmedia&parent=872"}],"curies":[{"name":"wp","href":"https:\/\/api.w.org\/{rel}","templated":true}]}}

<p>Am 18. März 2026 veranstaltet die Stiftung „Orte der deutschen Demokratiegeschichte“ unter der Schirmherrschaft von Bundespräsident Frank-Walter Steinmeier den ersten bundesweiten „Tag der Demokratiegeschichte“. In Zusammenarbeit mit der Sparkasse Kraichgau bietet der „Förderverein Demokratiegeschichte Bruchsal“ e.V. aus diesem Anlass folgende interessanten Angebote:</p>



<p><strong>18. März 2026, 18:30 Uhr, </strong>Kundenzentrum der Sparkasse Kraichgau<br>Vortrag vom Historiker Dr. Dr. Jürgen Dick<br><strong>In unsrer sonst so ruhigen Stadt…<br>Bruchsaler Personen und Aktivitäten im Rahmen der bürgerlichen Demokratiebewegung von 1848/49.<br></strong>Der Titel des Vortrages knüpft an die Publikation von Johannes M. Goldschmit aus dem Jahre 1998 an. Präsentiert werden die Lebensläufe von Lorenz Brentano, Amalie Struve, Franz Sigel, Otto von Corvin-Wiersbitzki und Heinrich Hetterich und ihre jeweiligen Beziehungen zu Bruchsal. Es wird deutlich, dass damals Männer und Frauen Leib, Leben und Existenz riskiert haben für freiheitlich-demokratische Werte, die uns heute selbstverständlich sind. Darüber hinaus werden die Grundzüge der deutschen Demokratiegeschichte bis in die heutige Zeit nachvollzogen und die Bedeutung einer demokratischen Erinnerungskultur betont. Der Vortragende hat vor kurzem mit einer Biografie über Franz Sigel promoviert, einem der führenden badischen Revolutionäre von 1848/49 und späteren Forty-Eighter-General im Amerikanischen Bürgerkrieg. Er ist Mitglied der „Kommission für Stadtgeschichte“ der Stadt Bruchsal.</p>



<p><strong>18. März – 22. April 2026</strong>, Kundenzentrum der Sparkasse Kraichgau<br><strong>Bruchsal in unruhigen Zeiten<br></strong>Wander-Ausstellung von Info-Plakaten zu Bruchsaler Akteuren und Ereignissen der Jahre 1848/49. Die Ausstellung kann im Anschluss auch an anderen Orten gezeigt werden, verbunden mit literarischen Lesungen oder Vorträgen zu diesem Teil der deutschen Geschichte.</p>



<p><strong>21. März, 14:00 Uhr und 22. März,</strong> 10:00 Uhr und 14:00 Uhr, Treffpunkt: Damianstor<br><strong>Stadtführungen „Bruchsal und die Demokratiegeschichte“<br></strong>Ein informativer historischer Stadtrundgang, geführt vom Bruchsaler Journalisten Rainer Kaufmann, Autor des Buches „Elternstadt Bruchsal – ein ganz persönlicher Stadtführer“ und Mitglied der „Kommission für Stadtgeschichte“ der Stadt Bruchsal. Dauer des Rundgangs ca. zwei Stunden. Beginn am Gasthaus „Zum Bären“, ehemals: „Hetterich´sches Bierhaus“. Ende am ehemaligen Feuerwehrhaus, dem früheren Standort der jüdischen Synagoge. In diesem Rundgang wird deutlich, dass Bruchsal in seiner Stadtmitte erstaunlich viele Schauplätze aufzuzeigen hat, an denen die wechselvolle Geschichte der Demokratisierung Deutschlands samt aller Rückschläge und Niederlagen nachhaltig erzählt werden kann.</p>



<p>Zur Vorbereitung der Veranstaltungen, für die kein Eintritt erhoben wird, bitten wir um rechtzeitige Anmeldung: <a href="mailto:vorstand@demokratiegeschichte-bruchsal.de" target="_blank" rel="noreferrer noopener">vorstand@demokratiegeschichte-bruchsal.de</a></p>



<p>Der „Förderverein Demokratiegeschichte Bruchsal“ e.V. wird unterstützt von der „Bruchsaler Bildungsstiftung“</p>



<p>und ist Mitglied der bundesweiten Arbeitsgemeinschaft „Orte der Demokratiegeschichte“.<br>Mehr Infos auf: <a href="http://www.demokratiegeschichte-bruchsal.de">www.demokratiegeschichte-bruchsal.de</a>.<br><br></p>

<p>Am 18. März 2026 veranstaltet die Stiftung „Orte der deutschen Demokratiegeschichte“ unter der Schirmherrschaft von Bundespräsident Frank-Walter Steinmeier den ersten bundesweiten „Tag der Demokratiegeschichte“. In Zusammenarbeit mit der Sparkasse Kraichgau bietet der „Förderverein Demokratiegeschichte Bruchsal“ e.V. aus diesem Anlass folgende interessanten Angebote: 18. März 2026, 18:30 Uhr, Kundenzentrum der Sparkasse KraichgauVortrag vom Historiker Dr. Dr. &hellip;</p>
<p class="read-more"> <a class="" href="https://demokratiegeschichte-bruchsal.de/?page_id=872"> <span class="screen-reader-text">Veranstaltungsprogramm: Tag der Demokratiegeschichte</span> Weiterlesen &raquo;</a></p>
